844633 is divided by 5468?
5453
What is the remainder when 60654798 is divided by 8021?
8017
Calculate the remainder when 1601958 is divided by 1601929.
29
Calculate the remainder when 138804 is divided by 2475.
204
Calculate the remainder when 32394 is divided by 5704.
3874
Calculate the remainder when 178898 is divided by 94.
16
What is the remainder when 76782863 is divided by 2291?
2289
Calculate the remainder when 72032 is divided by 6367.
1995
What is the remainder when 125412 is divided by 223?
86
Calculate the remainder when 5716977 is divided by 15327.
6
Calculate the remainder when 516943 is divided by 332.
19
Calculate the remainder when 755539 is divided by 706.
119
What is the remainder when 120090 is divided by 883?
2
What is the remainder when 239580 is divided by 5304?
900
What is the remainder when 1961478 is divided by 33245?
23
Calculate the remainder when 122083 is divided by 218.
3
Calculate the remainder when 2665165 is divided by 38.
35
What is the remainder when 4097138 is divided by 339?
323
What is the remainder when 3425541 is divided by 856283?
409
Calculate the remainder when 360547 is divided by 1878.
1849
Calculate the remainder when 1117614 is divided by 108.
30
Calculate the remainder when 2461430 is divided by 234.
218
What is the remainder when 3278131 is divided by 2322?
1789
Calculate the remainder when 85617 is divided by 982.
183
What is the remainder when 68507274 is divided by 7606?
32
Calculate the remainder when 90936 is divided by 358.
4
Calculate the remainder when 92169117 is divided by 1696.
1693
Calculate the remainder when 4117565 is divided by 686206.
329
What is the remainder when 3889440 is divided by 77?
16
Calculate the remainder when 1537419 is divided by 5338.
75
What is the remainder when 5022597 is divided by 2857?
2848
What is the remainder when 7088 is divided by 765?
203
Calculate the remainder when 89125021 is divided by 25.
21
Calculate the remainder when 3038065 is divided by 345.
340
What is the remainder when 390669 is divided by 260?
149
Calculate the remainder when 157874337 is divided by 2.
1
Calculate the remainder when 19591989 is divided by 140.
109
Calculate the remainder when 16002 is divided by 1469.
1312
What is the remainder when 22377596 is divided by 370?
366
Calculate the remainder when 4696160 is divided by 1809.
1805
Calculate the remainder when 31145421 is divided by 51909.
21
Calculate the remainder when 8303979 is divided by 5974.
119
What is the remainder when 6084818 is divided by 13?
12
What is the remainder when 380916 is divided by 1105?
796
What is the remainder when 7480768 is divided by 358?
0
What is the remainder when 351495 is divided by 193?
42
Calculate the remainder when 3455418 is divided by 1151801.
15
What is the remainder when 172822 is divided by 86304?
214
Calculate the remainder when 5428404 is divided by 72378.
54
What is the remainder when 106394077 is divided by 57109?
10
What is the remainder when 1862351 is divided by 103?
8
What is the remainder when 50356446 is divided by 194?
60
What is the remainder when 1642528 is divided by 54745?
178
What is the remainder when 1284299 is divided by 130?
29
What is the remainder when 62366 is divided by 8903?
45
Calculate the remainder when 17095346 is divided by 330.
26
What is the remainder when 111547 is divided by 1203?
871
What is the remainder when 23351737 is divided by 8842?
15
Calculate the remainder when 23789522 is divided by 58.
10
What is the remainder when 184550 is divided by 92258?
34
Calculate the remainder when 83389507 is divided by 205900.
7
What is the remainder when 13712849 is divided by 2016?
17
Calculate the remainder when 84524 is divided by 84334.
190
Calculate the remainder when 1647087 is divided by 3281.
25
Calculate the remainder when 1238159 is divided by 3191.
51
What is the remainder when 6333784 is divided by 1574?
8
Calculate the remainder when 6831092 is divided by 61.
7
What is the remainder when 690579930 is divided by 14?
12
What is the remainder when 8290915 is divided by 37?
29
What is the remainder when 3533801 is divided by 10363?
18
Calculate the remainder when 117885 is divided by 9060.
105
What is the remainder when 279869 is divided by 46608?
221
What is the remainder when 997606889 is divided by 2031?
2030
What is the remainder when 240806488 is divided by 5261?
5257
What is the remainder when 72630 is divided by 116?
14
Calculate the remainder when 297381 is divided by 189.
84
What is the remainder when 1228499 is divided by 1228481?
18
Calculate the remainder when 1420959 is divided by 119.
99
What is the remainder when 48209 is divided by 488?
385
Calculate the remainder when 14428 is divided by 1591.
109
What is the remainder when 243189 is divided by 1128?
669
What is the remainder when 11395115 is divided by 7?
4
Calculate the remainder when 446880 is divided by 2483.
2423
What is the remainder when 742169 is divided by 987?
932
Calculate the remainder when 100528 is divided by 703.
702
What is the remainder when 15709266 is divided by 3141851?
11
Calculate the remainder when 814517 is divided by 95.
82
What is the remainder when 15578979 is divided by 9202?
9195
What is the remainder when 14327763 is divided by 13?
8
Calculate the remainder when 2494925 is divided by 23759.
230
What is the remainder when 459528 is divided by 8?
0
What is the remainder when 494294 is divided by 7350?
1844
Calculate the remainder when 11848271 is divided by 48.
47
Calculate the remainder when 42792048 is divided by 45.
18
Calculate the remainder when 80689848 is divided by 770.
8
Calculate the remainder when 31543530 is divided by 1113.
1110
What is the remainder when 6323010 is divided by 33279?
0
What is the remainder when 5708673 is divided by 234?
9
What is the remainder when 21142 is divided by 9456?
2230
Calculate the remainder when 3597970 is divided by 149873.
1018
Calculate the remainder when 359552 is divided by 33.
17
What is the remainder when 10229 is divided by 1784?
1309
What is the remainder when 481995 is divided by 403?
7
What is the remainder when 2128589 is divided by 1469?
8
What is the remainder when 60920 is divided by 31?
5
Calculate the remainder when 193881356 is divided by 5014.
4
What is the remainder when 14002 is divided by 4246?
1264
Calculate the remainder when 15364854 is divided by 7682418.
18
Calculate the remainder when 715642 is divided by 123.
28
What is the remainder when 198276 is divided by 197635?
641
Calculate the remainder when 5125947 is divided by 26.
21
Calculate the remainder when 90458854 is divided by 102329.
18
What is the remainder when 1199757 is divided by 299934?
21
What is the remainder when 1225206 is divided by 803?
631
What is the remainder when 50869 is divided by 652?
13
What is the remainder when 896760 is divided by 448356?
48
Calculate the remainder when 977451 is divided by 977335.
116
What is the remainder when 960275 is divided by 1970?
885
Calculate the remainder when 2528798 is divided by 57.
50
What is the remainder when 30683838 is divided by 253?
251
Calculate the remainder when 21974 is divided by 6488.
2510
What is the remainder when 12848535 is divided by 513?
450
Calculate the remainder when 3386234 is divided by 39.
20
What is the remainder when 327641 is divided by 3484?
145
Calculate the remainder when 92128031 is divided by 36.
35
What is the remainder when 147774486 is divided by 4988?
4986
What is the remainder when 6904 is divided by 2527?
1850
Calculate the remainder when 4784888 is divided by 478488.
8
What is the remainder when 56373430 is divided by 28?
22
What is the remainder when 11289431 is divided by 290?
21
What is the remainder when 851309 is divided by 212799?
113
Calculate the remainder when 1804939 is divided by 737.
26
What is the remainder when 799677 is divided by 66635?
57
What is the remainder when 949032 is divided by 12325?
7
Calculate the remainder when 5159086 is divided by 12139.
11
What is the remainder when 2986870 is divided by 1003?
939
Calculate the remainder when 9602152 is divided by 93.
88
What is the remainder when 1566115 is divided by 46060?
75
What is the remainder when 8333 is divided by 571?
339
Calculate the remainder when 100263 is d